Is 40 a factor of (20/(-25))/2*g?
True
Let t(w) = -w**3 - 8*w**2 + 10*w + 9. Let i be t(-9). Let h be (-5 - -5)/(i + -1). Suppose 2*o + h*o - 24 = 0. Is 4 a factor of o?
True
Let p(x) = x**2 + 11*x. Let s = 2 - 14. Let j be p(s). Is (-4 - (-136)/j)*3 a multiple of 22?
True
Let m(n) = 3*n**3 + 7*n**2 + 6*n + 4. Let t(u) = -13*u**3 - 28*u**2 - 23*u - 15. Let j(h) = 9*m(h) + 2*t(h). Is j(-5) a multiple of 4?
True
Let r(p) = 144*p**2 - 7*p + 1. Does 13 divide r(1)?
False
Let i(n) = -2*n**3 - 25*n**2 - 59*n + 11. Is 40 a factor of i(-12)?
False
Suppose 5*q - 2620 = -4*m, 6*q - 7*q + 4 = 0. Is 25 a factor of m?
True
Suppose 7*k = 3*k - 448. Let x = -67 - k. Is x a multiple of 26?
False
Suppose 0 = -5*x - 5*l + 55, -3*x - 4*l + 50 = 2*x. Suppose -x*v + 7*v = 556. Suppose v = 6*r + 34. Is 26 a factor of r?
False
Let o(q) = 4*q**2 - 15*q - 7. Let h be o(12). Suppose 5*w = h - 79. Is 7 a factor of w?
False
Let f(j) be the second derivative of -2*j**3/3 - 2*j**2 + j. Let g(r) = -r - 12. Let q be g(-8). Is 12 a factor of f(q)?
True
Suppose 8674 = 31*o - 11538. Is o a multiple of 28?
False
Let t(k) = k**3 + 11*k**2 - 2*k - 14. Let h be t(-11). Let g(q) be the first derivative of -q**2/2 + 22*q + 4. Does 4 divide g(h)?
False
Let t = 90 + -38. Let m(a) = a**3 - 3*a**2 - 8*a + 6. Let z be m(4). Let v = z + t. Is v a multiple of 14?
True
Let b(w) = -w**3 - 5*w**2 - 4*w + 2. Let k be b(-4). Does 27 divide (k - 8/5)*(138 + -3)?
True
Let g(m) = m**3 + m**2 + 165. Does 15 divide g(0)?
True
Suppose 0 = -4*q + 111 + 405. Is q a multiple of 2?
False
Let y = 57 - 40. Suppose -y*x + 20*x = 360. Is 24 a factor of x?
True
Suppose 0 = -4*j - 4*b + 144, 0 = -13*j + 17*j - 2*b - 120. Is j a multiple of 5?
False
Let q = 77 - 29. Let k = 32 + q. Is 8 a factor of k?
True
Suppose 5*o + 4 = -1. Does 2 divide -10*o*(-16)/(-20)?
True
Let o be 5/(-20) + 404/16. Suppose 3*a - 108 = -2*r, o = -a - 3*r + 61. Is 21 a factor of a?
False
Let n(w) = 3*w**3 - 73*w**2 - 9*w + 38. Let t(f) = -2*f**3 + 49*f**2 + 6*f - 25. Let a(r) = -5*n(r) - 7*t(r). Is a(22) a multiple of 7?
False
Let l(g) be the second derivative of 3*g**6/40 + g**5/30 - g**3/6 + 5*g**2/2 + 6*g. Let a(q) be the first derivative of l(q). Is a(1) a multiple of 10?
True
Let u(q) = -5*q + 17. Let i(c) = 2*c - 6. Let j(b) = -11*i(b) - 4*u(b). Let l(v) = v**3 + 6*v**2 + 2*v + 1. Let w be l(-6). Is 13 a factor of j(w)?
False
Suppose 3*s + 1430 = 5*s. Is s a multiple of 13?
True
Suppose -4*u - 3*k = -4554, 5708 = 6*u - u - 4*k. Is 14 a factor of u?
False
Suppose 1391 - 8705 = -23*p. Is p a multiple of 5?
False
Suppose -5*d + 4*g = -44, 3*g + 10 + 1 = d. Is 4 a factor of d?
True
Let a(w) = 56*w**2 - 2*w - 4. Let j(f) = -f**2 - 1. Let z(n) = 2*a(n) - 6*j(n). Does 24 divide z(-1)?
True
Let s(r) = r - 8. Let q = 30 + -18. Let z be s(q). Suppose 3*m + 5*t = 198, -3*m + 204 - 6 = -z*t. Does 14 divide m?
False
Suppose r - 2*r - 5 = 0. Let q be (-2 - -3)*(r + 3). Is 3/(117/57 + q) a multiple of 24?
False
Let n(w) = w**2 - 30*w - 14. Let z be n(32). Is (5/(z/(-4)))/(1/(-270)) a multiple of 22?
False
Suppose 0 = -53*a + 129475 + 9332. Is a a multiple of 55?
False
Let g = 295 - -570. Is 14 a factor of g?
False
Suppose -4*d = l - 1949, -4*d - 156 + 2108 = 4*l. Does 37 divide d?
False
Let b = -14 - -9. Let z be b - ((-4 - -8) + 0). Is ((-352)/12)/4*z a multiple of 29?
False
Suppose -24 = -4*q + 20. Let d(c) = -c**3 + 10*c**2 + 14*c - 11. Is d(q) a multiple of 13?
False
Let a(v) = -3*v + 7*v + 4 - 11 - 5. Is 11 a factor of a(14)?
True
Suppose -3*z = 2*z. Suppose 4*j + z*k - 2*k = -76, 3*k - 63 = 3*j. Let o = j - -33. Does 16 divide o?
True
Suppose 2*y = 3*x - 60, 5*x + 4 = 3*y + 96. Let k be 3*(-4)/y*0. Does 24 divide k + 47 - (-2 - -1)?
True
Let p = -67 - -188. Does 11 divide p?
True
Let x(d) = 6*d**2 + 5*d + 19. Let p(r) = -7*r**2 - 6*r - 18. Let m(o) = 5*p(o) + 6*x(o). Does 28 divide m(12)?
True
Let w be (10/2)/1 + -3. Suppose -248 = -2*i - 50. Suppose -2*q + 4*k + 35 = -i, 120 = w*q + 3*k. Does 16 divide q?
False
Let t(d) = d**2 - 5*d + 6. Let x be t(4). Suppose -5*n + 4*n = 4*b + 115, x*b + 55 = -n. Is 18 a factor of (b/1)/((-15)/20)?
False
Suppose 0 = -f - 3*r + 355, 5*f + 1381 = 9*f - r. Is 66 a factor of f?
False
Suppose 0 = -131*x + 132*x + 3*i - 283, 1148 = 4*x - 4*i. Is x a multiple of 16?
False
Let l(a) = -a**3 - 15*a**2 + 15*a - 19. Let w be l(-16). Let g = w + 40. Is g a multiple of 7?
False
Let s(y) = 33*y - y**2 + 2*y - 12*y - 32. Is 5 a factor of s(21)?
True
Is 570/9 + 14/(-42) a multiple of 9?
True
Let t(h) = 5*h**2 - 4*h. Does 4 divide t(2)?
True
Let s(k) be the first derivative of -k**5/20 - 5*k**4/6 - 5*k**3/3 - 2*k**2 - k - 1. Let o(y) be the first derivative of s(y). Is 5 a factor of o(-9)?
True
Let v = -19 - -21. Suppose -v*o = 2*o + c - 4, c + 10 = 3*o. Suppose 4*f = o*f + 24. Is 2 a factor of f?
True
Suppose -w - 3 = 2*w, 2*w - 403 = -5*s. Suppose 0 = -4*n + 2*t + s + 33, 5*n - 5*t - 130 = 0. Suppose -y = 2*c + 7 - n, -4*c = 8. Is 14 a factor of y?
True
Does 2 divide 4359/18 + 2/(-12)?
True
Is 31 a factor of 13376/24 + (-4)/(-6)?
True
Let s(z) = 5*z - 76. Let o be s(24). Suppose x = 2*x - o. Does 2 divide x?
True
Let t(c) = -3*c + 0*c**2 - 2*c**2 - 2 + 21*c**2. Does 23 divide t(-2)?
False
Suppose 2*p + 4*s = -4, 5*s + 3 + 13 = 3*p. Let m be p - (10 - (3 + -1)). Does 11 divide (-31)/(-2) + (-3)/m?
False
Let p(s) be the second derivative of -s**5/20 + 13*s**4/12 + s**3 - 9*s**2 - 9*s. Let u be (1/(-2))/(5/(-130)). Is 20 a factor of p(u)?
True
Let g(a) = 4*a + 11. Let i be g(8). Suppose -v = -o + 4*v + i, 0 = o + 4*v + 2. Is o a multiple of 4?
False
Let h = -6120 + 9256. Is h a multiple of 49?
True
Does 12 divide 6823/5 - 16/(-40)?
False
Let t = 50 - 48. Let h = 77 + -49. Suppose -28 - h = -t*l. Does 19 divide l?
False
Suppose 20 = -0*w - 4*w + 2*c, 0 = 4*w + c + 32. Does 20 divide (-982)/w - 2/7?
True
Let d be -1 + -4*5/(-2). Suppose d*o + 522 = 12*o. Is o a multiple of 18?
False
Suppose 0*t - 165 = -3*t + 4*y, 4*t - 210 = 2*y. Suppose 4*r - 101 - t = 0. Let s = r - 27. Does 11 divide s?
True
Let t be 2/10 + (-343)/(-35). Suppose 5*r = -s + t, -2*s - r - 2*r + 41 = 0. Is 25 a factor of s?
True
Let j(l) = -4*l**3 + l**2 - 3*l + 6. Let w(b) = 5*b**3 - b**2 + 2*b - 5. Let u(m) = 5*j(m) + 6*w(m). Does 13 divide u(2)?
False
Suppose 124*u - 123*u - 1059 = 0. Is u a multiple of 14?
False
Suppose -2*j + 2480 = 2*v, 68*j - 2501 = 66*j + 5*v. Is 11 a factor of j?
True
Let m(h) = -494*h**3 + 16*h**2 + 15*h. Is m(-1) a multiple of 15?
True
Let v be -2*(15/(-6))/5. Let o be v/(-2) + 10/20. Suppose 0*u + 5*u + 5*l - 145 = o, -5*u - l = -133. Is 8 a factor of u?
False
Suppose -68*v + 94575 = -29*v. Is 25 a factor of v?
True
Suppose 2*k + 58 = -78. Let s be 6/8 - 357/k. Suppose -2*n - 72 = -s*n. Does 18 divide n?
True
Let w = -256 + 424. Is w a multiple of 24?
True
Let p be (12/9)/(8/12). Suppose -p*r + 3*r - 18 = 0. Suppose -130 = -4*y + r. Is y a multiple of 15?
False
Let p(h) = -9*h**3 - 5*h**2 + 18*h + 4. Is 17 a factor of p(-7)?
True
Let j = -83 + 175. Suppose 5*v + j = -103. Is (-572)/v - 2/(-6) a multiple of 3?
True
Let q(x) = -x + 1. Let y(s) = 7*s + 8. Let w(u) = -3*q(u) - y(u). Is 6 a factor of w(-10)?
False
Let k(q) = 0 + 59*q - 3 - 2 + 4. Let r(n) = -176*n + 3. Let o(p) = 8*k(p) + 3*r(p). Is o(-1) a multiple of 19?
True
Is 14 a factor of 7/(63/1770) - 4/6?
True
Let v(p) = p**3 + 6*p**2 + 4*p + 9. Let l be v(-6). Let k be 5/l + 15388/(-6). Is 14 a factor of k/(-60) - 3/4?
True
Let j be 2/(-6) + (-1)/(-3). Suppose j = -4*u - 7 - 1. Does 4 divide (12/(-18))/(u/12)?
True
Let o = 20 + -67. Let s = o + 72. Suppose -5*y + s = -4*y. Does 25 divide y?
True
Let q(v) = -v**2 + 23*v + 26. Let i be q(22). Let r = i - -121. Is 13 a factor of r?
True
Let o(i) = 30*i - 241. Is 8 a factor of o(29)?
False
Let i = 4873 + -2689. Does 26 divide i?
True
Let s(l) = -l**3 + 5*l**2 + 9*l - 3. Let y be s(6). Suppose -b = 2*b - y. Suppose 2*n + 2*n = 5*u - 9, -b*u - 4*n + 41 = 0. Does 3 divide u?
False
Let d(h) = h**2 + h + 133. Is d(29) a multiple of 59?
True
Suppose -4065 = -10*l + 1185. Is 15 a factor of l?
True
Suppose 5*m + 211 = 4*v, 3*m + 2*m + 64 = v. Is 22 a factor of v?
False
Suppose -15 = -3*n - 0. Let u(m) = 2*m**3 - 12*m**2 + 30*m + 1